+ 36 + -40?
9
What is the value of -2 + 99 + (4639 - 4695)?
41
Evaluate 1 + (-44 - -20 - -27 - -26).
30
What is the value of 29 + 1 - (7 - 24 - (13 - 27))?
33
What is the value of 90 - (-48 - -27 - -75)?
36
43 - (12 + (-29 + 17 - -17))
26
What is the value of -15 + (-15 - (3 + -1)) + (-202 - -209)?
-25
-40 + (1 - 1) + (-26 - (-16 - -39) - -43)
-46
1 + 157 - (-3852 - -3924)
86
What is (-1 - -11) + (80 - -36 - 112)?
14
Evaluate -1 - -1 - (0 - -2) - (2171 + -2129).
-44
Calculate 49 - (11 + -1 + -5 - (32 - 19)).
57
Evaluate -93 - 36 - -31 - (-6 + -21).
-71
-135 + 229 + -109 - (-9 + 1)
-7
What is the value of 18 + (1 - (72 - -5)) + (57 - 34)?
-35
Evaluate 50 + 34 - -10 - (-6 - -22).
78
Evaluate -20 - (-27 - (-7 + -7)) - -76.
69
(3 + -1 - -1) + 52 + -60 + -5 - 44
-54
What is (-1135 - -1147) + (-24 - -2) + 0 - (-5 - -5)?
-10
76 + (0 - (-9 - (-17 - (11 + (-24 - -11)))))
70
Calculate 11 - (10 + -55 + 33).
23
Calculate -63 - -4 - (12 + -32).
-39
67 + 100 + -6 + -112
49
What is the value of -10 + (11 - 5 - 0) + 0 + (-6 - 122)?
-132
Calculate -3 + -92 + 99 - (8 - 1).
-3
0 + (7 - 3) - (0 + 3 + (-55 - -57))
-1
Evaluate -14 + 50 + 1 + (20 - (5 - -3)).
49
Calculate -19 + 6 + 3 - (94 + 5 + 9).
-118
Evaluate 3 - (-98 + (-2 - 0) - (-45 + 16 + 20)).
94
What is 0 + -17 + (-33 - 38) + 47?
-41
Calculate -8 + (11 - 101) - ((-12 - 1) + 2).
-87
Calculate 10 + (-63 - 8) - (39 + -16 + -22) - -16.
-46
-40 - (17 - (5 + 30 - 11 - -2))
-31
23 - -47 - (1 + (12 - 20) + (2 - -4))
71
Evaluate (-75 + 74 - -12) + (2 - -54) + (8 - 5).
70
Calculate 14 + 73 - (11 + 14 + -16).
78
Evaluate 45 + 0 + -1 - ((6 - -1) + (-42 - -32)).
47
216 + 172 + -397 - (0 + -2 - -29)
-36
-11 + (-7 + -16 - 10) + 16
-28
Calculate -2 + 23 + (154 - 178) + 1 + -5 + 85.
78
Calculate 73 + (81 - 115) + 53.
92
58 - (14 - -103) - (-6 + 2 + -8)
-47
-10 - (420 + -432 - (-2 - (-1 - 12)))
13
-19 + (7 - 2) + -11 + 19 + 6
0
Calculate 8 - (41 - -3 - 14).
-22
Evaluate (42 + 10 - 35 - 15) + -22.
-20
Evaluate (-38 - 0) + (27 - (141 + -150)).
-2
Evaluate 12 - (24 + (-11 - -19) - (6 - 3)).
-17
Calculate 20 - (-20 - -48) - (-9 - -21).
-20
-9 - 0 - -1 - (39 + -12 + -9 - -21)
-47
Calculate 30 - (7 + (-64 - -50)).
37
What is the value of 3 + -2 - -56 - (-160 + 156) - (-11 + 23)?
49
Calculate (-3 - -8) + (-4 - -7) + 18 + 77 + 2.
105
What is the value of 57 - (-183 + 125 + 187)?
-72
Evaluate 2498 + -2479 + -1 + 22.
40
Calculate -87 + 57 + 100 - 1.
69
What is -8 - 33 - (-203 - -146)?
16
What is the value of (-6 - 1 - -42) + -56 + 37?
16
What is the value of (31 + -27 + 84 - 37) + -37?
14
Evaluate (-61 - -172) + 5 - (19 - 5).
102
What is 105 + 53 + -60 + -84?
14
Evaluate -33 + 84 + (1 - (1 - (18 - 3))).
66
What is -20 + (1 - 3) + (15 - 1) + -14?
-22
-7 + 81 - -14 - (82 + -88)
94
Calculate 18 - (1 + -21 - -128 - 6).
-84
Calculate 72 - (71 - -26) - (45 - (-12 + 5)).
-77
What is (-8 - 0) + 48 + (-18 - -12) + -3?
31
What is the value of 164 + (-12 - 31) - 0?
121
What is the value of 1 + (-46 - (-65 - 5))?
25
Calculate (-23 - -49) + -35 + 9 - (0 - -11).
-11
Calculate 47 - (-6 + (16 + (-7 - 24) - -15) + -9).
62
Evaluate -4 + (7 - -8) - 20 - 19.
-28
What is the value of -53 - ((-18 - -14) + 4 - (-1 - 10))?
-64
150 + (-76 - -54) + -68
60
1 + -1 + -3 - (-46 - (11 + -28))
26
-10 + -14 + 6 + 148 + -119 + (0 - -8)
19
(14 + 39 + -40 - (-1 + 7)) + 43
50
What is -20 + (64 - 38) + 2?
8
What is the value of -37 - (-130 + 126 - (-71 + 1))?
-103
What is -4836 - -4898 - (60 + 1)?
1
What is 11280 + -11270 - (0 + 55)?
-45
Evaluate -31 + 4 - (17 + -25 + -12).
-7
What is the value of 4 + (21 - (23 + -4)) + -32 + -11?
-37
What is -5 + (-17 - -39) + -8 - (0 + 6)?
3
Evaluate 7 + (3 - -3 - 3) - 11 - (2 - -34).
-37
19 - (34 + -24 + (1 - -4 - (-2 - -18)))
20
Evaluate -44 + (21 + -19 - -4 - -2).
-36
What is 63 + (-30 - 28 - -97)?
102
What is 27 - (-3 + 75) - 20 - 27?
-92
Evaluate -17 + 6 - -8 - (1 - 48) - (-47 + 59).
32
What is (-5 + 0 - 0 - 3) + (43 - (9 - 24))?
50
-83 - (52 + (-95 - 135))
95
Calculate (-16 - (13 + -54)) + 16 + 2.
43
Calculate 57 - (56 - 3) - -20.
24
What is -43 + (45 - 29) + -2 + (2 - 6)?
-33
(-31 + 11 - -14 - -59) + (-12 - 3) + 6
44
-79 + 21 + (-90 - -206)
58
Calculate -62 + -40 + 33 + -8 + 2.
-75
What is the value of (24 - 40 - -22) + -56 + 2?
-48
-6 + -1 + (15 - 11 - -1) + 15 + 87
100
What is (0 + 0 + -1 - 10) + -15 + (22 - 63)?
-67
Evaluate 7 - (-6 - -3) - (-3 + 4 - 3).
12
What is -16 + 8 + 9 - -11 - 12 - 39?
-39
0 - (-29 - -41 - (-2 + 1 + 28)) - 79
-64
Evaluate -10 + 58 - (-139 - -209).
-22
What is the value of -5 + -19 - (318 + -307 + (-4 + 1 - -2))?
-34
What is the value of 4333 - 4344 - (-4 - 117)?
110
What is -2 + 204 - (-61 + 180)?
83
Calculate 25 + (25 + -41 - -16) + -14.
11
Calculate -11 + -1 + (-5 - (-10 - (11 + -8))).
-4
What is the value of 13 + 20 + 13 + -13 - -15?
48
Calculate -7 - (20 + -23 - 9 - (-2 + -6)).
-3
What is the value of (0 - (2 + 0)) + 72 + -6131 + 6127?
66
Calculate -57 - (6 + (-1 - 3) + 167 + -166).
-60
Evaluate -21 + (38 - (27 - 25)) + 15.
30
Evaluate (-55 - -113) + -1 + -103.
-46
What is the value of (-2 - -2 - 0) + 101 + -202 + 183?
82
What is (-2 - (21 + -9)) + 26 - (-5 + 1 + -41)?
57
Calculate -63 + (27 - -65) + (-13 - (0 - 0)) - -5.
21
What is -71 + 14 + 125 + 2 + -2 + (-2 - 2)?
64
Evaluate 29 - 54 - (19 - (15 + 97)).
68
Evaluate (16 - 60) + (1 - 7) - (15 + -1).
-64
20 - (1 + -14 - (74 - 95)) - 7
5
What is 116 + -80 - (-11 - -11)?
36
60 + (10 - (11 + 69))
-10
What is -13 + -2 - (7 - (24 - (-11 + 14) - 6))?
-7
What is the value of 16 - ((-7 - 18 - -64) + 2)?
-25
What is 64 + (-5 + (-9 - -11) - (1 - -8))?
52
What is (3 - (13 + (-22 + 20 - 4))) + 23?
19
What is the value of (-12 - (6 - 7)) + 21 + (-44 - 24)?
-58
Calculate -25 + 14 + 50 + -63.
-24
Evaluate -22 + 5 + -1 + 61 + -83.
-40
Evaluate 24 - (3 - -71) - -29 - (8 + 23).
-52
What is the value of 5 - ((1 - 103) + 205 + -204) - (9 - -1)?
96
(76 - 64) + 26 + 0
38
Calculate -30 + 7 + (9 + 10 - 22) + 44.
18
What is -135 + 82 - -50 - (1 + (-2 - -1)) - -45?
42
Calculate 16 - (-23 + (-3 - -15 - -21)).
6
Calculate -81 + 91 + (0 - (7 - 2)) + -22 - -7.
-10
What is the value of 25 - (-18 + (-19 - -37)) - -45?
70
Calculate -140 - (-759 + 766 - (36 + 1)).
-110
124 - (-7 - 40 - -135)
36
Evaluate 358 + -414 - (12 + 13).
-81
What is 27 + (1 - -18) + -4 + 1 + -11 - 3?
29
What is -55 - ((-37 - 3) + 73)?
-88
Evaluate 659 + -641 - (4 - (-2 - 70)).
-58
What is the value of -55 + (2 - (-22 + -19))?
-12
Evaluate (2 - -3) + 108 + -130 + 32.
15
What is -33 + 0 + -2 + 15 + 2 - 16?
-34
(0 - -20) + (-48 - (10 + 42 + -71))
-9
10 - (30 + (-42 - -23)) - (8 + 3)
-12
Evaluate -78 + (7 - (-24 + 34)) + -4 + 2 - 11.
-94
Evaluate 2 + (-1 - -1) - (-135 + (177 - -6)).
-46
(-30 - -110) + (-127 - -154)
107
Calculate (-4 - 0) + (-5 - -3 - 22) - (-49 + 38).
-17
What is (-8 + 43 - 19) + 4?
20
Calculate (-23311 - -23405) + (1 - (1 - -20)).
74
Evaluate 1 + (-6 - -4 - 14) + (1777 - 1787).
-25
Calculate (16 + 5 - 110) + -32 + 31.
-90
Calculate -8 - (-3 - 44) - (11 - -1).
27
Calculate (9 - (-4 + 12)) + (-29 - 24 - 4).
-56
35 + (-21 - -2) - (8 - 80 - 3)
91
Calculate 151 - 138 - 137 - -71.
-53
Evaluate 19 - (37 + -62 + 68).
-24
Calculate -35 - (-13 - (4 - (-7 + -2 + 20))).
-29
-279 - -307 - (-29 - 39)
96
Evaluate 51 + -18 + 8 + (30 - 18).
53
What is the value of 38 + 9 + (-25 - -13) + 2 + -9 + -9?
19
What is ((1 - 14) + (31 - 14) - -7) + 82?
93
18 + -7 + 0 + 12 - 80
-57
What is the value of 3 + -16 + -2 + 22 + (-37 - -13)?
-17
Evaluate -14 - ((-6 - 22) + -11 - 4).
29
Calculate 19 + (-180 - -155 - (1 - 51)).
44
What is the value of -2 + (-20 - -7) + 0 + (-23 - -7)?
-31
Evaluate -73 + 0 + (-1010 - -1153).
70
Evaluate 1 - (10 + (10 - -8) + -9 + 22).
-40
Calculate 44 - -2 - (-2127 - -2201).
-28
Evaluate -63 + -30 + 23 + -3 - 19.
-92
What is the value of (3 - -5 - (1 + 0)) + (-22 - (8 - 104))?
81
Calculate (-14 - (1 + -8 - 60)) + (-9 - 1).
43
Calculate (-8 - (-3 + 4)) + -10 + 21 + 12 - -85.
99
Evaluate 4 - -2 - (-3 + (-3 - 9 - -1) + 23).
-3
Evaluate -4 + (1 - 27) + -182 + 177.
-35
Evaluate 2 - 8 - (18 - 54 - (-5 - 0)).
25
12 - (-12 - (-22 + 23) - 4)
29
Evaluate -31 + (25 - (19 + -23)).
-2
Calculate -49 - (62 + -31 - 69).
-11
(11 - 3) + (7 + -41 - -7)
-19
Calculate (-7 - 0) + -6 + (-33 + -6 - -8).
-44
What is